{"id":159,"date":"2025-11-21T18:07:59","date_gmt":"2025-11-21T18:07:59","guid":{"rendered":"https:\/\/cultrujillo.com\/trex\/?page_id=159"},"modified":"2025-12-08T18:16:08","modified_gmt":"2025-12-08T18:16:08","slug":"alquiler-de-elevadores-moviles-de-trabajo","status":"publish","type":"page","link":"https:\/\/cultrujillo.com\/trex\/alquiler-de-elevadores-moviles-de-trabajo\/","title":{"rendered":"Alquiler de Elevadores m\u00f3viles de trabajo"},"content":{"rendered":"\t\t<div data-elementor-type=\"wp-page\" data-elementor-id=\"159\" class=\"elementor elementor-159\" data-elementor-post-type=\"page\">\n\t\t\t\t<div class=\"elementor-element elementor-element-12688f0 e-flex e-con-boxed e-con e-parent\" data-id=\"12688f0\" data-element_type=\"container\" data-settings=\"{&quot;background_background&quot;:&quot;classic&quot;}\">\n\t\t\t\t\t<div class=\"e-con-inner\">\n\t\t<div class=\"elementor-element elementor-element-3a74246 e-con-full e-flex e-con e-child\" data-id=\"3a74246\" data-element_type=\"container\">\n\t\t\t\t<div class=\"elementor-element elementor-element-1029b07 elementor-widget elementor-widget-heading\" data-id=\"1029b07\" data-element_type=\"widget\" data-widget_type=\"heading.default\">\n\t\t\t\t\t<h1 class=\"elementor-heading-title elementor-size-default\">Alquiler de Elevadores M\u00f3viles<\/h1>\t\t\t\t<\/div>\n\t\t\t\t<\/div>\n\t\t\t\t\t<\/div>\n\t\t\t\t<\/div>\n\t\t<div class=\"elementor-element elementor-element-4f11700 e-flex e-con-boxed e-con e-parent\" data-id=\"4f11700\" data-element_type=\"container\">\n\t\t\t\t\t<div class=\"e-con-inner\">\n\t\t<div class=\"elementor-element elementor-element-bafb535 e-con-full e-flex e-con e-child\" data-id=\"bafb535\" data-element_type=\"container\">\n\t\t<div class=\"elementor-element elementor-element-98f35cd e-con-full e-flex e-con e-child\" data-id=\"98f35cd\" data-element_type=\"container\">\n\t\t<div class=\"elementor-element elementor-element-7bcb06b e-con-full e-flex e-con e-child\" data-id=\"7bcb06b\" data-element_type=\"container\">\n\t\t\t\t<div class=\"elementor-element elementor-element-b5ab2ca elementor-widget elementor-widget-image\" data-id=\"b5ab2ca\" data-element_type=\"widget\" data-widget_type=\"image.default\">\n\t\t\t\t\t\t\t\t\t\t\t\t\t\t\t<img fetchpriority=\"high\" decoding=\"async\" width=\"1040\" height=\"597\" src=\"https:\/\/cultrujillo.com\/trex\/wp-content\/uploads\/2025\/12\/izaje21.jpg\" class=\"attachment-full size-full wp-image-593\" alt=\"\" srcset=\"https:\/\/cultrujillo.com\/trex\/wp-content\/uploads\/2025\/12\/izaje21.jpg 1040w, https:\/\/cultrujillo.com\/trex\/wp-content\/uploads\/2025\/12\/izaje21-300x172.jpg 300w, https:\/\/cultrujillo.com\/trex\/wp-content\/uploads\/2025\/12\/izaje21-1024x588.jpg 1024w, https:\/\/cultrujillo.com\/trex\/wp-content\/uploads\/2025\/12\/izaje21-768x441.jpg 768w\" sizes=\"(max-width: 1040px) 100vw, 1040px\" \/>\t\t\t\t\t\t\t\t\t\t\t\t\t\t\t<\/div>\n\t\t\t\t<div class=\"elementor-element elementor-element-5391f73 elementor-widget elementor-widget-text-editor\" data-id=\"5391f73\" data-element_type=\"widget\" data-widget_type=\"text-editor.default\">\n\t\t\t\t\t\t\t\t\t<p data-start=\"283\" data-end=\"630\">En <strong data-start=\"286\" data-end=\"323\">TREX A&amp;C ENGINEERING SOLUTION SAC<\/strong> ofrecemos el servicio de <strong data-start=\"349\" data-end=\"404\">alquiler de elevadores m\u00f3viles de trabajo en altura<\/strong> (Manlift) ideales para proyectos que requieren seguridad, eficiencia y productividad. Contamos con equipos certificados, en \u00f3ptimas condiciones y listos para operar en entornos industriales, construcci\u00f3n, mantenimiento y m\u00e1s.<\/p><p data-start=\"632\" data-end=\"771\">Trabajamos con las marcas l\u00edderes del mercado: <strong data-start=\"679\" data-end=\"703\">GENIE, JLG y SKYJACK<\/strong>, garantizando un rendimiento confiable y adaptado a cada necesidad.<\/p>\t\t\t\t\t\t\t\t<\/div>\n\t\t\t\t<div class=\"elementor-element elementor-element-8baa0cd elementor-widget elementor-widget-heading\" data-id=\"8baa0cd\" data-element_type=\"widget\" data-widget_type=\"heading.default\">\n\t\t\t\t\t<h2 class=\"elementor-heading-title elementor-size-default\">Tipos de Equipos Disponibles para Alquiler<\/h2>\t\t\t\t<\/div>\n\t\t\t\t<\/div>\n\t\t<div class=\"elementor-element elementor-element-383fbfc e-con-full e-flex e-con e-child\" data-id=\"383fbfc\" data-element_type=\"container\">\n\t\t<div class=\"elementor-element elementor-element-f7d0268 e-con-full e-flex e-con e-child\" data-id=\"f7d0268\" data-element_type=\"container\">\n\t\t\t\t<div class=\"elementor-element elementor-element-936abeb elementor-widget elementor-widget-text-editor\" data-id=\"936abeb\" data-element_type=\"widget\" data-widget_type=\"text-editor.default\">\n\t\t\t\t\t\t\t\t\t<p data-start=\"778\" data-end=\"827\">\u00a0\ud83d\udd39 <strong data-start=\"836\" data-end=\"875\">Elevadores de Tijera (Scissor Lift)<\/strong><\/p><p style=\"padding-left: 40px;\" data-start=\"876\" data-end=\"1009\">Perfectos para trabajos en superficies estables y en interiores o exteriores.<br data-start=\"953\" data-end=\"956\" \/>Alturas disponibles: <strong data-start=\"977\" data-end=\"1008\">6 m, 8 m, 10 m, 12 m y 14 m<\/strong>.<\/p><p data-start=\"1011\" data-end=\"1069\">\ud83d\udd39 <strong data-start=\"1018\" data-end=\"1069\">Elevadores Articulados (Articulating Boom Lift)<\/strong><\/p><p style=\"padding-left: 40px;\" data-start=\"1070\" data-end=\"1188\">Brindan alcance superior y movilidad en zonas con obst\u00e1culos.<br data-start=\"1131\" data-end=\"1134\" \/>Alturas disponibles: <strong data-start=\"1155\" data-end=\"1187\">12 m, 16 m, 20 m, 26 m y m\u00e1s<\/strong>.<\/p><p data-start=\"1190\" data-end=\"1247\">\ud83d\udd39 <strong data-start=\"1197\" data-end=\"1247\">Elevadores Telesc\u00f3picos (Telescopic Boom Lift)<\/strong><\/p><p style=\"padding-left: 40px;\" data-start=\"1248\" data-end=\"1360\">Mayor alcance vertical y horizontal para trabajos en altura extrema.<br data-start=\"1316\" data-end=\"1319\" \/>Alcance disponible: <strong data-start=\"1339\" data-end=\"1359\">20 m, 26 m, 30 m<\/strong>.<\/p><p data-start=\"1362\" data-end=\"1398\">\ud83d\udd39 <strong data-start=\"1369\" data-end=\"1398\">Plataformas Unipersonales<\/strong><\/p><p style=\"padding-left: 40px;\" data-start=\"1399\" data-end=\"1508\">Compactas, ideales para mantenimiento industrial y espacios reducidos.<br data-start=\"1469\" data-end=\"1472\" \/>Alturas disponibles: <strong data-start=\"1493\" data-end=\"1507\">6 m a 12 m<\/strong>.<\/p>\t\t\t\t\t\t\t\t<\/div>\n\t\t\t\t<div class=\"elementor-element elementor-element-92adae0 elementor-widget elementor-widget-image-carousel\" data-id=\"92adae0\" data-element_type=\"widget\" data-settings=\"{&quot;slides_to_show&quot;:&quot;3&quot;,&quot;slides_to_show_mobile&quot;:&quot;2&quot;,&quot;slides_to_scroll&quot;:&quot;1&quot;,&quot;navigation&quot;:&quot;none&quot;,&quot;image_spacing_custom&quot;:{&quot;unit&quot;:&quot;px&quot;,&quot;size&quot;:38,&quot;sizes&quot;:[]},&quot;autoplay&quot;:&quot;yes&quot;,&quot;pause_on_hover&quot;:&quot;yes&quot;,&quot;pause_on_interaction&quot;:&quot;yes&quot;,&quot;autoplay_speed&quot;:5000,&quot;infinite&quot;:&quot;yes&quot;,&quot;speed&quot;:500,&quot;image_spacing_custom_tablet&quot;:{&quot;unit&quot;:&quot;px&quot;,&quot;size&quot;:&quot;&quot;,&quot;sizes&quot;:[]},&quot;image_spacing_custom_mobile&quot;:{&quot;unit&quot;:&quot;px&quot;,&quot;size&quot;:&quot;&quot;,&quot;sizes&quot;:[]}}\" data-widget_type=\"image-carousel.default\">\n\t\t\t\t\t\t\t<div class=\"elementor-image-carousel-wrapper swiper\" role=\"region\" aria-roledescription=\"carousel\" aria-label=\"Carrusel de im\u00e1genes\" dir=\"ltr\">\n\t\t\t<div class=\"elementor-image-carousel swiper-wrapper\" aria-live=\"off\">\n\t\t\t\t\t\t\t\t<div class=\"swiper-slide\" role=\"group\" aria-roledescription=\"slide\" aria-label=\"1 de 7\"><figure class=\"swiper-slide-inner\"><img decoding=\"async\" class=\"swiper-slide-image\" src=\"https:\/\/cultrujillo.com\/trex\/wp-content\/uploads\/2025\/11\/BRAZO-TELESCOPICO.jpg\" alt=\"BRAZO TELESC\u00d3PICO\" \/><figcaption class=\"elementor-image-carousel-caption\">BRAZO TELESC\u00d3PICO<\/figcaption><\/figure><\/div><div class=\"swiper-slide\" role=\"group\" aria-roledescription=\"slide\" aria-label=\"2 de 7\"><figure class=\"swiper-slide-inner\"><img decoding=\"async\" class=\"swiper-slide-image\" src=\"https:\/\/cultrujillo.com\/trex\/wp-content\/uploads\/2025\/12\/z-45-25jrt.png\" alt=\"BRAZO ARTICULADO\" \/><figcaption class=\"elementor-image-carousel-caption\">BRAZO ARTICULADO<\/figcaption><\/figure><\/div><div class=\"swiper-slide\" role=\"group\" aria-roledescription=\"slide\" aria-label=\"3 de 7\"><figure class=\"swiper-slide-inner\"><img decoding=\"async\" class=\"swiper-slide-image\" src=\"https:\/\/cultrujillo.com\/trex\/wp-content\/uploads\/2025\/12\/GS-3246.png\" alt=\"ELEVADOR TIJERA\" \/><figcaption class=\"elementor-image-carousel-caption\">ELEVADOR TIJERA<\/figcaption><\/figure><\/div><div class=\"swiper-slide\" role=\"group\" aria-roledescription=\"slide\" aria-label=\"4 de 7\"><figure class=\"swiper-slide-inner\"><img decoding=\"async\" class=\"swiper-slide-image\" src=\"https:\/\/cultrujillo.com\/trex\/wp-content\/uploads\/2025\/11\/BRAZO-ARTICULADO.jpg\" alt=\"BRAZO ARTICULADO\" \/><figcaption class=\"elementor-image-carousel-caption\">BRAZO ARTICULADO<\/figcaption><\/figure><\/div><div class=\"swiper-slide\" role=\"group\" aria-roledescription=\"slide\" aria-label=\"5 de 7\"><figure class=\"swiper-slide-inner\"><img decoding=\"async\" class=\"swiper-slide-image\" src=\"https:\/\/cultrujillo.com\/trex\/wp-content\/uploads\/2025\/12\/z6240.png\" alt=\"BRAZO ARTICULADO\" \/><figcaption class=\"elementor-image-carousel-caption\">BRAZO ARTICULADO<\/figcaption><\/figure><\/div><div class=\"swiper-slide\" role=\"group\" aria-roledescription=\"slide\" aria-label=\"6 de 7\"><figure class=\"swiper-slide-inner\"><img decoding=\"async\" class=\"swiper-slide-image\" src=\"https:\/\/cultrujillo.com\/trex\/wp-content\/uploads\/2025\/11\/ELEVADOR-TIJERA.jpg\" alt=\"ELEVADOR TIJERA\" \/><figcaption class=\"elementor-image-carousel-caption\">ELEVADOR TIJERA<\/figcaption><\/figure><\/div><div class=\"swiper-slide\" role=\"group\" aria-roledescription=\"slide\" aria-label=\"7 de 7\"><figure class=\"swiper-slide-inner\"><img decoding=\"async\" class=\"swiper-slide-image\" src=\"https:\/\/cultrujillo.com\/trex\/wp-content\/uploads\/2025\/12\/z8060.png\" alt=\"BRAZO ARTICULADO\" \/><figcaption class=\"elementor-image-carousel-caption\">BRAZO ARTICULADO<\/figcaption><\/figure><\/div>\t\t\t<\/div>\n\t\t\t\t\t\t\t\n\t\t\t\t\t\t\t\t\t<\/div>\n\t\t\t\t\t\t<\/div>\n\t\t\t\t<\/div>\n\t\t\t\t<\/div>\n\t\t\t\t<\/div>\n\t\t<div class=\"elementor-element elementor-element-9c9223f e-con-full e-flex e-con e-child\" data-id=\"9c9223f\" data-element_type=\"container\">\n\t\t<div class=\"elementor-element elementor-element-fe4033e e-con-full e-flex e-con e-child\" data-id=\"fe4033e\" data-element_type=\"container\" data-settings=\"{&quot;background_background&quot;:&quot;classic&quot;}\">\n\t\t\t\t<div class=\"elementor-element elementor-element-2ea6d69 elementor-widget elementor-widget-heading\" data-id=\"2ea6d69\" data-element_type=\"widget\" data-widget_type=\"heading.default\">\n\t\t\t\t\t<h3 class=\"elementor-heading-title elementor-size-default\">Nuestros Servicios<\/h3>\t\t\t\t<\/div>\n\t\t<div class=\"elementor-element elementor-element-e0418e4 e-con-full e-flex e-con e-child\" data-id=\"e0418e4\" data-element_type=\"container\">\n\t\t\t\t<div class=\"elementor-element elementor-element-6252f75 elementor-align-justify elementor-widget elementor-widget-button\" data-id=\"6252f75\" data-element_type=\"widget\" data-widget_type=\"button.default\">\n\t\t\t\t\t\t\t\t\t\t<a class=\"elementor-button elementor-button-link elementor-size-sm\" href=\"https:\/\/cultrujillo.com\/trex\/mantenimiento-integral\/\">\n\t\t\t\t\t\t<span class=\"elementor-button-content-wrapper\">\n\t\t\t\t\t\t<span class=\"elementor-button-icon\">\n\t\t\t\t<svg aria-hidden=\"true\" class=\"e-font-icon-svg e-fas-arrow-right\" viewBox=\"0 0 448 512\" xmlns=\"http:\/\/www.w3.org\/2000\/svg\"><path d=\"M190.5 66.9l22.2-22.2c9.4-9.4 24.6-9.4 33.9 0L441 239c9.4 9.4 9.4 24.6 0 33.9L246.6 467.3c-9.4 9.4-24.6 9.4-33.9 0l-22.2-22.2c-9.5-9.5-9.3-25 .4-34.3L311.4 296H24c-13.3 0-24-10.7-24-24v-32c0-13.3 10.7-24 24-24h287.4L190.9 101.2c-9.8-9.3-10-24.8-.4-34.3z\"><\/path><\/svg>\t\t\t<\/span>\n\t\t\t\t\t\t\t\t\t<span class=\"elementor-button-text\">Mantenimiento Integral<\/span>\n\t\t\t\t\t<\/span>\n\t\t\t\t\t<\/a>\n\t\t\t\t\t\t\t\t<\/div>\n\t\t\t\t<div class=\"elementor-element elementor-element-c590548 elementor-align-justify elementor-widget elementor-widget-button\" data-id=\"c590548\" data-element_type=\"widget\" data-widget_type=\"button.default\">\n\t\t\t\t\t\t\t\t\t\t<a class=\"elementor-button elementor-button-link elementor-size-sm\" href=\"https:\/\/cultrujillo.com\/trex\/venta-de-repuestos-multimarca\/\">\n\t\t\t\t\t\t<span class=\"elementor-button-content-wrapper\">\n\t\t\t\t\t\t<span class=\"elementor-button-icon\">\n\t\t\t\t<svg aria-hidden=\"true\" class=\"e-font-icon-svg e-fas-arrow-right\" viewBox=\"0 0 448 512\" xmlns=\"http:\/\/www.w3.org\/2000\/svg\"><path d=\"M190.5 66.9l22.2-22.2c9.4-9.4 24.6-9.4 33.9 0L441 239c9.4 9.4 9.4 24.6 0 33.9L246.6 467.3c-9.4 9.4-24.6 9.4-33.9 0l-22.2-22.2c-9.5-9.5-9.3-25 .4-34.3L311.4 296H24c-13.3 0-24-10.7-24-24v-32c0-13.3 10.7-24 24-24h287.4L190.9 101.2c-9.8-9.3-10-24.8-.4-34.3z\"><\/path><\/svg>\t\t\t<\/span>\n\t\t\t\t\t\t\t\t\t<span class=\"elementor-button-text\">Venta de Repuestos Multimarca<\/span>\n\t\t\t\t\t<\/span>\n\t\t\t\t\t<\/a>\n\t\t\t\t\t\t\t\t<\/div>\n\t\t\t\t<div class=\"elementor-element elementor-element-e9a2c29 elementor-align-justify elementor-widget elementor-widget-button\" data-id=\"e9a2c29\" data-element_type=\"widget\" data-widget_type=\"button.default\">\n\t\t\t\t\t\t\t\t\t\t<a class=\"elementor-button elementor-button-link elementor-size-sm\" href=\"https:\/\/cultrujillo.com\/trex\/alquiler-de-elevadores-moviles-de-trabajo\/\">\n\t\t\t\t\t\t<span class=\"elementor-button-content-wrapper\">\n\t\t\t\t\t\t<span class=\"elementor-button-icon\">\n\t\t\t\t<svg aria-hidden=\"true\" class=\"e-font-icon-svg e-fas-arrow-right\" viewBox=\"0 0 448 512\" xmlns=\"http:\/\/www.w3.org\/2000\/svg\"><path d=\"M190.5 66.9l22.2-22.2c9.4-9.4 24.6-9.4 33.9 0L441 239c9.4 9.4 9.4 24.6 0 33.9L246.6 467.3c-9.4 9.4-24.6 9.4-33.9 0l-22.2-22.2c-9.5-9.5-9.3-25 .4-34.3L311.4 296H24c-13.3 0-24-10.7-24-24v-32c0-13.3 10.7-24 24-24h287.4L190.9 101.2c-9.8-9.3-10-24.8-.4-34.3z\"><\/path><\/svg>\t\t\t<\/span>\n\t\t\t\t\t\t\t\t\t<span class=\"elementor-button-text\">Alquiler de Elevadores M\u00f3viles<\/span>\n\t\t\t\t\t<\/span>\n\t\t\t\t\t<\/a>\n\t\t\t\t\t\t\t\t<\/div>\n\t\t\t\t<div class=\"elementor-element elementor-element-0f184a4 elementor-align-justify elementor-widget elementor-widget-button\" data-id=\"0f184a4\" data-element_type=\"widget\" data-widget_type=\"button.default\">\n\t\t\t\t\t\t\t\t\t\t<a class=\"elementor-button elementor-button-link elementor-size-sm\" href=\"https:\/\/cultrujillo.com\/trex\/capacitacion-y-certificacion-de-operadores-de-equipos-manlift\/\">\n\t\t\t\t\t\t<span class=\"elementor-button-content-wrapper\">\n\t\t\t\t\t\t<span class=\"elementor-button-icon\">\n\t\t\t\t<svg aria-hidden=\"true\" class=\"e-font-icon-svg e-fas-arrow-right\" viewBox=\"0 0 448 512\" xmlns=\"http:\/\/www.w3.org\/2000\/svg\"><path d=\"M190.5 66.9l22.2-22.2c9.4-9.4 24.6-9.4 33.9 0L441 239c9.4 9.4 9.4 24.6 0 33.9L246.6 467.3c-9.4 9.4-24.6 9.4-33.9 0l-22.2-22.2c-9.5-9.5-9.3-25 .4-34.3L311.4 296H24c-13.3 0-24-10.7-24-24v-32c0-13.3 10.7-24 24-24h287.4L190.9 101.2c-9.8-9.3-10-24.8-.4-34.3z\"><\/path><\/svg>\t\t\t<\/span>\n\t\t\t\t\t\t\t\t\t<span class=\"elementor-button-text\">Capacitaci\u00f3n y Certificaci\u00f3n de Operadores de Equipos<\/span>\n\t\t\t\t\t<\/span>\n\t\t\t\t\t<\/a>\n\t\t\t\t\t\t\t\t<\/div>\n\t\t\t\t<div class=\"elementor-element elementor-element-6717154 elementor-align-justify elementor-widget elementor-widget-button\" data-id=\"6717154\" data-element_type=\"widget\" data-widget_type=\"button.default\">\n\t\t\t\t\t\t\t\t\t\t<a class=\"elementor-button elementor-button-link elementor-size-sm\" href=\"https:\/\/cultrujillo.com\/trex\/venta-de-componentes-para-equipos-de-izaje\/\">\n\t\t\t\t\t\t<span class=\"elementor-button-content-wrapper\">\n\t\t\t\t\t\t<span class=\"elementor-button-icon\">\n\t\t\t\t<svg aria-hidden=\"true\" class=\"e-font-icon-svg e-fas-arrow-right\" viewBox=\"0 0 448 512\" xmlns=\"http:\/\/www.w3.org\/2000\/svg\"><path d=\"M190.5 66.9l22.2-22.2c9.4-9.4 24.6-9.4 33.9 0L441 239c9.4 9.4 9.4 24.6 0 33.9L246.6 467.3c-9.4 9.4-24.6 9.4-33.9 0l-22.2-22.2c-9.5-9.5-9.3-25 .4-34.3L311.4 296H24c-13.3 0-24-10.7-24-24v-32c0-13.3 10.7-24 24-24h287.4L190.9 101.2c-9.8-9.3-10-24.8-.4-34.3z\"><\/path><\/svg>\t\t\t<\/span>\n\t\t\t\t\t\t\t\t\t<span class=\"elementor-button-text\">Venta de Componentes para Equipos de Izaje<\/span>\n\t\t\t\t\t<\/span>\n\t\t\t\t\t<\/a>\n\t\t\t\t\t\t\t\t<\/div>\n\t\t\t\t<\/div>\n\t\t\t\t<\/div>\n\t\t<div class=\"elementor-element elementor-element-4c60c62 e-con-full e-flex e-con e-child\" data-id=\"4c60c62\" data-element_type=\"container\" data-settings=\"{&quot;background_background&quot;:&quot;classic&quot;}\">\n\t\t\t\t<div class=\"elementor-element elementor-element-113e783 elementor-widget elementor-widget-heading\" data-id=\"113e783\" data-element_type=\"widget\" data-widget_type=\"heading.default\">\n\t\t\t\t\t<h3 class=\"elementor-heading-title elementor-size-default\">Contactarnos<\/h3>\t\t\t\t<\/div>\n\t\t\t\t<div class=\"elementor-element elementor-element-5be3a00 elementor-widget elementor-widget-text-editor\" data-id=\"5be3a00\" data-element_type=\"widget\" data-widget_type=\"text-editor.default\">\n\t\t\t\t\t\t\t\t\t<p>Cont\u00e1ctanos para soluciones r\u00e1pidas, seguras y profesionales en mantenimiento, repuestos y servicios especializados industriales.<\/p>\t\t\t\t\t\t\t\t<\/div>\n\t\t\t\t<div class=\"elementor-element elementor-element-8686bd9 elementor-icon-list--layout-traditional elementor-list-item-link-full_width elementor-widget elementor-widget-icon-list\" data-id=\"8686bd9\" data-element_type=\"widget\" data-widget_type=\"icon-list.default\">\n\t\t\t\t\t\t\t<ul class=\"elementor-icon-list-items\">\n\t\t\t\t\t\t\t<li class=\"elementor-icon-list-item\">\n\t\t\t\t\t\t\t\t\t\t\t<span class=\"elementor-icon-list-icon\">\n\t\t\t\t\t\t\t<i aria-hidden=\"true\" class=\"icon icon-phone-call2\"><\/i>\t\t\t\t\t\t<\/span>\n\t\t\t\t\t\t\t\t\t\t<span class=\"elementor-icon-list-text\">956 783 879 <br> 940 350 197  <\/span>\n\t\t\t\t\t\t\t\t\t<\/li>\n\t\t\t\t\t\t\t\t<li class=\"elementor-icon-list-item\">\n\t\t\t\t\t\t\t\t\t\t\t<span class=\"elementor-icon-list-icon\">\n\t\t\t\t\t\t\t<i aria-hidden=\"true\" class=\"icon icon-envelope3\"><\/i>\t\t\t\t\t\t<\/span>\n\t\t\t\t\t\t\t\t\t\t<span class=\"elementor-icon-list-text\">comercial@trexayc.com<br> mantenimiento@trexayc.com<\/span>\n\t\t\t\t\t\t\t\t\t<\/li>\n\t\t\t\t\t\t\t\t<li class=\"elementor-icon-list-item\">\n\t\t\t\t\t\t\t\t\t\t\t<span class=\"elementor-icon-list-icon\">\n\t\t\t\t\t\t\t<i aria-hidden=\"true\" class=\" ti-location-pin\"><\/i>\t\t\t\t\t\t<\/span>\n\t\t\t\t\t\t\t\t\t\t<span class=\"elementor-icon-list-text\">Av. Los Sauces Mz. G Lt. 1 Urb. La Ensenada. Puente Piedra.<\/span>\n\t\t\t\t\t\t\t\t\t<\/li>\n\t\t\t\t\t\t<\/ul>\n\t\t\t\t\t\t<\/div>\n\t\t\t\t<\/div>\n\t\t\t\t<\/div>\n\t\t\t\t<\/div>\n\t\t\t\t\t<\/div>\n\t\t\t\t<\/div>\n\t\t\t\t<\/div>\n\t\t","protected":false},"excerpt":{"rendered":"<p>Alquiler de Elevadores M\u00f3viles En TREX A&amp;C ENGINEERING SOLUTION SAC ofrecemos el servicio de alquiler de elevadores m\u00f3viles de trabajo en altura (Manlift) ideales para proyectos que requieren seguridad, eficiencia y productividad. Contamos con equipos certificados, en \u00f3ptimas condiciones y listos para operar en entornos industriales, construcci\u00f3n, mantenimiento y m\u00e1s. Trabajamos con las marcas l\u00edderes [&hellip;]<\/p>\n","protected":false},"author":1,"featured_media":0,"parent":0,"menu_order":0,"comment_status":"closed","ping_status":"closed","template":"elementor_header_footer","meta":{"footnotes":""},"class_list":["post-159","page","type-page","status-publish","hentry"],"_links":{"self":[{"href":"https:\/\/cultrujillo.com\/trex\/wp-json\/wp\/v2\/pages\/159","targetHints":{"allow":["GET"]}}],"collection":[{"href":"https:\/\/cultrujillo.com\/trex\/wp-json\/wp\/v2\/pages"}],"about":[{"href":"https:\/\/cultrujillo.com\/trex\/wp-json\/wp\/v2\/types\/page"}],"author":[{"embeddable":true,"href":"https:\/\/cultrujillo.com\/trex\/wp-json\/wp\/v2\/users\/1"}],"replies":[{"embeddable":true,"href":"https:\/\/cultrujillo.com\/trex\/wp-json\/wp\/v2\/comments?post=159"}],"version-history":[{"count":73,"href":"https:\/\/cultrujillo.com\/trex\/wp-json\/wp\/v2\/pages\/159\/revisions"}],"predecessor-version":[{"id":685,"href":"https:\/\/cultrujillo.com\/trex\/wp-json\/wp\/v2\/pages\/159\/revisions\/685"}],"wp:attachment":[{"href":"https:\/\/cultrujillo.com\/trex\/wp-json\/wp\/v2\/media?parent=159"}],"curies":[{"name":"wp","href":"https:\/\/api.w.org\/{rel}","templated":true}]}}