{"id":66,"date":"2025-11-04T21:04:19","date_gmt":"2025-11-04T21:04:19","guid":{"rendered":"https:\/\/cultrujillo.com\/construtec\/?post_type=product&#038;p=66"},"modified":"2025-11-17T13:44:28","modified_gmt":"2025-11-17T13:44:28","slug":"amoladora-angular-4-1-2-850w","status":"publish","type":"product","link":"https:\/\/cultrujillo.com\/construtec\/producto\/amoladora-angular-4-1-2-850w\/","title":{"rendered":"AMOLADORA ANGULAR 4.1\/2&#8243; 850W"},"content":{"rendered":"","protected":false},"excerpt":{"rendered":"<ul>\n<li>Calidad de Bosch a un bajo precio, la primera y la mejor opci\u00f3n para profesionales aut\u00f3nomos orientados por el precio<\/li>\n<li>Potencia adecuada y mayor control para peque\u00f1as aplicaciones profesionales<\/li>\n<li>Manejo pr\u00e1ctico debido al dise\u00f1o ergon\u00f3mico del cuerpo de la herramienta<\/li>\n<\/ul>\n","protected":false},"featured_media":67,"comment_status":"closed","ping_status":"closed","template":"","meta":{"_joinchat":[]},"product_brand":[],"product_cat":[25],"product_tag":[],"class_list":{"0":"post-66","1":"product","2":"type-product","3":"status-publish","4":"has-post-thumbnail","6":"product_cat-equipos-y-herramientas","8":"first","9":"outofstock","10":"shipping-taxable","11":"product-type-simple"},"_links":{"self":[{"href":"https:\/\/cultrujillo.com\/construtec\/wp-json\/wp\/v2\/product\/66","targetHints":{"allow":["GET"]}}],"collection":[{"href":"https:\/\/cultrujillo.com\/construtec\/wp-json\/wp\/v2\/product"}],"about":[{"href":"https:\/\/cultrujillo.com\/construtec\/wp-json\/wp\/v2\/types\/product"}],"replies":[{"embeddable":true,"href":"https:\/\/cultrujillo.com\/construtec\/wp-json\/wp\/v2\/comments?post=66"}],"wp:featuredmedia":[{"embeddable":true,"href":"https:\/\/cultrujillo.com\/construtec\/wp-json\/wp\/v2\/media\/67"}],"wp:attachment":[{"href":"https:\/\/cultrujillo.com\/construtec\/wp-json\/wp\/v2\/media?parent=66"}],"wp:term":[{"taxonomy":"product_brand","embeddable":true,"href":"https:\/\/cultrujillo.com\/construtec\/wp-json\/wp\/v2\/product_brand?post=66"},{"taxonomy":"product_cat","embeddable":true,"href":"https:\/\/cultrujillo.com\/construtec\/wp-json\/wp\/v2\/product_cat?post=66"},{"taxonomy":"product_tag","embeddable":true,"href":"https:\/\/cultrujillo.com\/construtec\/wp-json\/wp\/v2\/product_tag?post=66"}],"curies":[{"name":"wp","href":"https:\/\/api.w.org\/{rel}","templated":true}]}}