{"id":143,"date":"2025-05-13T13:35:04","date_gmt":"2025-05-13T13:35:04","guid":{"rendered":"https:\/\/cultrujillo.com\/chocoriari\/?page_id=143"},"modified":"2025-05-13T13:49:45","modified_gmt":"2025-05-13T13:49:45","slug":"catering-hospedaje-y-transporte-de-personal","status":"publish","type":"page","link":"https:\/\/cultrujillo.com\/chocoriari\/catering-hospedaje-y-transporte-de-personal\/","title":{"rendered":"Catering, Hospedaje y Transporte de Personal"},"content":{"rendered":"\t\t<div data-elementor-type=\"wp-page\" data-elementor-id=\"143\" class=\"elementor elementor-143\" data-elementor-post-type=\"page\">\n\t\t\t\t\t\t<section class=\"elementor-section elementor-top-section elementor-element elementor-element-66f2b00 elementor-section-height-min-height elementor-section-boxed elementor-section-height-default elementor-section-items-middle\" data-id=\"66f2b00\" data-element_type=\"section\" data-settings=\"{&quot;background_background&quot;:&quot;classic&quot;}\">\n\t\t\t\t\t\t\t<div class=\"elementor-background-overlay\"><\/div>\n\t\t\t\t\t\t\t<div class=\"elementor-container elementor-column-gap-no\">\n\t\t\t\t\t<div class=\"elementor-column elementor-col-100 elementor-top-column elementor-element elementor-element-74e684d\" data-id=\"74e684d\" data-element_type=\"column\">\n\t\t\t<div class=\"elementor-widget-wrap elementor-element-populated\">\n\t\t\t\t\t\t<div class=\"elementor-element elementor-element-bea9ee5 elementor-widget-divider--view-line elementor-widget elementor-widget-divider\" data-id=\"bea9ee5\" data-element_type=\"widget\" data-widget_type=\"divider.default\">\n\t\t\t\t<div class=\"elementor-widget-container\">\n\t\t\t\t\t\t\t<div class=\"elementor-divider\">\n\t\t\t<span class=\"elementor-divider-separator\">\n\t\t\t\t\t\t<\/span>\n\t\t<\/div>\n\t\t\t\t\t\t<\/div>\n\t\t\t\t<\/div>\n\t\t\t\t\t<\/div>\n\t\t<\/div>\n\t\t\t\t\t<\/div>\n\t\t<\/section>\n\t\t\t\t<section class=\"elementor-section elementor-top-section elementor-element elementor-element-59d3508 elementor-section-boxed elementor-section-height-default elementor-section-height-default\" data-id=\"59d3508\" data-element_type=\"section\">\n\t\t\t\t\t\t<div class=\"elementor-container elementor-column-gap-no\">\n\t\t\t\t\t<div class=\"elementor-column elementor-col-50 elementor-top-column elementor-element elementor-element-a90a4ea\" data-id=\"a90a4ea\" data-element_type=\"column\">\n\t\t\t<div class=\"elementor-widget-wrap elementor-element-populated\">\n\t\t\t\t\t\t<section class=\"elementor-section elementor-inner-section elementor-element elementor-element-a78426a elementor-section-boxed elementor-section-height-default elementor-section-height-default\" data-id=\"a78426a\" data-element_type=\"section\">\n\t\t\t\t\t\t<div class=\"elementor-container elementor-column-gap-no\">\n\t\t\t\t\t<div class=\"elementor-column elementor-col-100 elementor-inner-column elementor-element elementor-element-1d40522\" data-id=\"1d40522\" data-element_type=\"column\">\n\t\t\t<div class=\"elementor-widget-wrap elementor-element-populated\">\n\t\t\t\t\t\t<div class=\"elementor-element elementor-element-2142e53 elementor-widget elementor-widget-heading\" data-id=\"2142e53\" data-element_type=\"widget\" data-widget_type=\"heading.default\">\n\t\t\t\t<div class=\"elementor-widget-container\">\n\t\t\t\t\t<h5 class=\"elementor-heading-title elementor-size-default\">Chocoriari S.A<\/h5>\t\t\t\t<\/div>\n\t\t\t\t<\/div>\n\t\t\t\t<div class=\"elementor-element elementor-element-1cbec24 elementor-invisible elementor-widget elementor-widget-heading\" data-id=\"1cbec24\" data-element_type=\"widget\" data-settings=\"{&quot;_animation&quot;:&quot;fadeInUp&quot;}\" data-widget_type=\"heading.default\">\n\t\t\t\t<div class=\"elementor-widget-container\">\n\t\t\t\t\t<h2 class=\"elementor-heading-title elementor-size-default\">Catering, Hospedaje y Transporte de Personal<\/h2>\t\t\t\t<\/div>\n\t\t\t\t<\/div>\n\t\t\t\t<div class=\"elementor-element elementor-element-f74ee59 elementor-widget-divider--view-line elementor-widget elementor-widget-divider\" data-id=\"f74ee59\" data-element_type=\"widget\" data-widget_type=\"divider.default\">\n\t\t\t\t<div class=\"elementor-widget-container\">\n\t\t\t\t\t\t\t<div class=\"elementor-divider\">\n\t\t\t<span class=\"elementor-divider-separator\">\n\t\t\t\t\t\t<\/span>\n\t\t<\/div>\n\t\t\t\t\t\t<\/div>\n\t\t\t\t<\/div>\n\t\t\t\t<div class=\"elementor-element elementor-element-27c97d9 elementor-widget elementor-widget-text-editor\" data-id=\"27c97d9\" data-element_type=\"widget\" data-widget_type=\"text-editor.default\">\n\t\t\t\t<div class=\"elementor-widget-container\">\n\t\t\t\t\t\t\t\t\t<p>En <strong data-start=\"269\" data-end=\"288\">Chocoriari S.A.<\/strong>, brindamos soluciones integrales de <strong data-start=\"325\" data-end=\"350\">log\u00edstica de personal<\/strong>, que incluyen <strong data-start=\"365\" data-end=\"450\">servicios de alimentaci\u00f3n (catering), hospedaje, y transporte terrestre y fluvial<\/strong>, adaptados a las condiciones del entorno amaz\u00f3nico y a las necesidades espec\u00edficas de empresas del sector hidrocarburos, construcci\u00f3n, municipalidades y otros sectores industriales.<\/p>\t\t\t\t\t\t\t\t<\/div>\n\t\t\t\t<\/div>\n\t\t\t\t\t<\/div>\n\t\t<\/div>\n\t\t\t\t\t<\/div>\n\t\t<\/section>\n\t\t\t\t\t<\/div>\n\t\t<\/div>\n\t\t\t\t<div class=\"elementor-column elementor-col-50 elementor-top-column elementor-element elementor-element-00e67da elementor-hidden-tablet elementor-hidden-phone\" data-id=\"00e67da\" data-element_type=\"column\">\n\t\t\t<div class=\"elementor-widget-wrap elementor-element-populated\">\n\t\t\t\t\t\t<div class=\"elementor-element elementor-element-fda795b elementor-invisible elementor-widget elementor-widget-image\" data-id=\"fda795b\" data-element_type=\"widget\" data-settings=\"{&quot;_animation&quot;:&quot;fadeInUp&quot;}\" data-widget_type=\"image.default\">\n\t\t\t\t<div class=\"elementor-widget-container\">\n\t\t\t\t\t\t\t\t\t\t\t\t\t\t\t<img fetchpriority=\"high\" decoding=\"async\" width=\"800\" height=\"600\" src=\"https:\/\/cultrujillo.com\/chocoriari\/wp-content\/uploads\/2025\/05\/img177.jpg\" class=\"attachment-large size-large wp-image-152\" alt=\"\" srcset=\"https:\/\/cultrujillo.com\/chocoriari\/wp-content\/uploads\/2025\/05\/img177.jpg 1024w, https:\/\/cultrujillo.com\/chocoriari\/wp-content\/uploads\/2025\/05\/img177-300x225.jpg 300w, https:\/\/cultrujillo.com\/chocoriari\/wp-content\/uploads\/2025\/05\/img177-768x576.jpg 768w\" sizes=\"(max-width: 800px) 100vw, 800px\" \/>\t\t\t\t\t\t\t\t\t\t\t\t\t\t\t<\/div>\n\t\t\t\t<\/div>\n\t\t\t\t\t<\/div>\n\t\t<\/div>\n\t\t\t\t\t<\/div>\n\t\t<\/section>\n\t\t\t\t<section class=\"elementor-section elementor-top-section elementor-element elementor-element-0eec8b4 elementor-section-boxed elementor-section-height-default elementor-section-height-default\" data-id=\"0eec8b4\" data-element_type=\"section\">\n\t\t\t\t\t\t<div class=\"elementor-container elementor-column-gap-no\">\n\t\t\t\t\t<div class=\"elementor-column elementor-col-50 elementor-top-column elementor-element elementor-element-aa2b07e\" data-id=\"aa2b07e\" data-element_type=\"column\">\n\t\t\t<div class=\"elementor-widget-wrap elementor-element-populated\">\n\t\t\t\t\t\t<div class=\"elementor-element elementor-element-927fac6 elementor-invisible elementor-widget elementor-widget-image\" data-id=\"927fac6\" data-element_type=\"widget\" data-settings=\"{&quot;_animation&quot;:&quot;fadeInLeft&quot;}\" data-widget_type=\"image.default\">\n\t\t\t\t<div class=\"elementor-widget-container\">\n\t\t\t\t\t\t\t\t\t\t\t\t\t\t\t<img decoding=\"async\" src=\"https:\/\/cultrujillo.com\/chocoriari\/wp-content\/uploads\/elementor\/thumbs\/img175-r5r2l6bn497bx9fj95gk82hulhve2rxpuxc9jr6fbc.jpg\" title=\"img175\" alt=\"img175\" loading=\"lazy\" \/>\t\t\t\t\t\t\t\t\t\t\t\t\t\t\t<\/div>\n\t\t\t\t<\/div>\n\t\t\t\t\t<\/div>\n\t\t<\/div>\n\t\t\t\t<div class=\"elementor-column elementor-col-50 elementor-top-column elementor-element elementor-element-79503c8\" data-id=\"79503c8\" data-element_type=\"column\">\n\t\t\t<div class=\"elementor-widget-wrap elementor-element-populated\">\n\t\t\t\t\t\t<div class=\"elementor-element elementor-element-89cf42c elementor-invisible elementor-widget elementor-widget-heading\" data-id=\"89cf42c\" data-element_type=\"widget\" data-settings=\"{&quot;_animation&quot;:&quot;fadeInUp&quot;}\" data-widget_type=\"heading.default\">\n\t\t\t\t<div class=\"elementor-widget-container\">\n\t\t\t\t\t<h3 class=\"elementor-heading-title elementor-size-default\">Ventajas de trabajar con Chocoriari <\/h3>\t\t\t\t<\/div>\n\t\t\t\t<\/div>\n\t\t\t\t<div class=\"elementor-element elementor-element-d883c85 elementor-widget-divider--view-line elementor-widget elementor-widget-divider\" data-id=\"d883c85\" data-element_type=\"widget\" data-widget_type=\"divider.default\">\n\t\t\t\t<div class=\"elementor-widget-container\">\n\t\t\t\t\t\t\t<div class=\"elementor-divider\">\n\t\t\t<span class=\"elementor-divider-separator\">\n\t\t\t\t\t\t<\/span>\n\t\t<\/div>\n\t\t\t\t\t\t<\/div>\n\t\t\t\t<\/div>\n\t\t\t\t<div class=\"elementor-element elementor-element-8b2073b elementor-widget elementor-widget-text-editor\" data-id=\"8b2073b\" data-element_type=\"widget\" data-widget_type=\"text-editor.default\">\n\t\t\t\t<div class=\"elementor-widget-container\">\n\t\t\t\t\t\t\t\t\t<ul data-start=\"2152\" data-end=\"2438\"><li class=\"\" data-start=\"2152\" data-end=\"2213\"><p class=\"\" data-start=\"2154\" data-end=\"2213\">Amplia experiencia en zonas remotas y comunidades nativas<\/p><\/li><li class=\"\" data-start=\"2214\" data-end=\"2291\"><p class=\"\" data-start=\"2216\" data-end=\"2291\">Personal comprometido con la <strong data-start=\"2245\" data-end=\"2289\">calidad, seguridad y el respeto cultural<\/strong><\/p><\/li><li class=\"\" data-start=\"2292\" data-end=\"2363\"><p class=\"\" data-start=\"2294\" data-end=\"2363\">Operaci\u00f3n 100% alineada con <strong data-start=\"2322\" data-end=\"2361\">normativas ambientales y sanitarias<\/strong><\/p><\/li><li class=\"\" data-start=\"2364\" data-end=\"2438\"><p class=\"\" data-start=\"2366\" data-end=\"2438\">Log\u00edstica adaptada a proyectos multidisciplinarios y de gran envergadura<\/p><\/li><\/ul><p class=\"\" data-start=\"2440\" data-end=\"2700\">En <strong data-start=\"2443\" data-end=\"2462\">Chocoriari S.A.<\/strong>, entendemos que el bienestar del personal es clave para el \u00e9xito de cualquier proyecto. Por eso, ofrecemos servicios confiables y humanizados, orientados a garantizar la <strong data-start=\"2633\" data-end=\"2673\">comodidad, seguridad y productividad<\/strong> de todos los involucrados.<\/p>\t\t\t\t\t\t\t\t<\/div>\n\t\t\t\t<\/div>\n\t\t\t\t\t<\/div>\n\t\t<\/div>\n\t\t\t\t\t<\/div>\n\t\t<\/section>\n\t\t\t\t<\/div>\n\t\t","protected":false},"excerpt":{"rendered":"<p>Chocoriari S.A Catering, Hospedaje y Transporte de Personal En Chocoriari S.A., brindamos soluciones integrales de log\u00edstica de personal, que incluyen servicios de alimentaci\u00f3n (catering), hospedaje, y transporte terrestre y fluvial, adaptados a las condiciones del entorno amaz\u00f3nico y a las necesidades espec\u00edficas de empresas del sector hidrocarburos, construcci\u00f3n, municipalidades y otros sectores industriales. Ventajas de [&hellip;]<\/p>\n","protected":false},"author":1,"featured_media":0,"parent":0,"menu_order":0,"comment_status":"closed","ping_status":"closed","template":"elementor_header_footer","meta":{"_joinchat":[],"footnotes":""},"class_list":["post-143","page","type-page","status-publish","hentry"],"_links":{"self":[{"href":"https:\/\/cultrujillo.com\/chocoriari\/wp-json\/wp\/v2\/pages\/143","targetHints":{"allow":["GET"]}}],"collection":[{"href":"https:\/\/cultrujillo.com\/chocoriari\/wp-json\/wp\/v2\/pages"}],"about":[{"href":"https:\/\/cultrujillo.com\/chocoriari\/wp-json\/wp\/v2\/types\/page"}],"author":[{"embeddable":true,"href":"https:\/\/cultrujillo.com\/chocoriari\/wp-json\/wp\/v2\/users\/1"}],"replies":[{"embeddable":true,"href":"https:\/\/cultrujillo.com\/chocoriari\/wp-json\/wp\/v2\/comments?post=143"}],"version-history":[{"count":10,"href":"https:\/\/cultrujillo.com\/chocoriari\/wp-json\/wp\/v2\/pages\/143\/revisions"}],"predecessor-version":[{"id":156,"href":"https:\/\/cultrujillo.com\/chocoriari\/wp-json\/wp\/v2\/pages\/143\/revisions\/156"}],"wp:attachment":[{"href":"https:\/\/cultrujillo.com\/chocoriari\/wp-json\/wp\/v2\/media?parent=143"}],"curies":[{"name":"wp","href":"https:\/\/api.w.org\/{rel}","templated":true}]}}